pose -n + 37 = 2*t, -5*n - t + 5*t = -115. Suppose -5*f + 2*v = -311, -3*f + 2*v = -259 + 74. Calculate the greatest common factor of f and n.
9
Let q be 3 + (-2 + 1)*-2. Suppose 3*j - q*j = -8. Suppose 0*i - j*i + 62 = 3*t, -t = -5*i - 8. What is the greatest common divisor of t and 72?
18
Suppose 0 = 8*c - 38 - 42. Suppose -4*b + 2*l + 6 = -2*b, 5*b + 2*l + 13 = 0. Let x be -1*((-10)/2 - (-4 - b)). Calculate the highest common divisor of c and x.
2
Suppose 5*t - x = 567, -x - 222 = -3*t + 119. Let h = 113 - t. Suppose -3*l + h*l + 405 = 0. What is the greatest common factor of 15 and l?
15
Let f(l) = -681*l - 4076. Let i be f(-6). What is the greatest common divisor of 2310 and i?
10
Suppose 81*t - 76*t = -650. Let p = 258 + t. Let d = -122 + p. What is the highest common factor of d and 27?
3
Let t be 100/(-35)*(-11760)/200. Let a(s) = 10*s + 6. Let i be a(9). Calculate the highest common divisor of t and i.
24
Let m = 364 + -374. Let t(l) = -2*l**2 - 24*l - 15. Let f be t(m). Calculate the greatest common divisor of f and 275.
25
Suppose 12*t + 20 = 80. Suppose 306 = 5*n - n - 3*a, -3*n = t*a - 215. What is the greatest common divisor of 15 and n?
15
Suppose 4*n + 19 = 99. Suppose 2*s = -2*s + 2*f + 148, -5*f - n = 0. Calculate the greatest common divisor of 49 and s.
7
Suppose 96*p - 124124 = 33*p + 26131. Calculate the highest common divisor of p and 225.
45
Let f(j) = j**2 - 8*j + 4. Suppose -4 = n, -2*l = -5*l + 2*n + 20. Let d be f(l). Let i be 3/d + (-979)/(-44). Calculate the greatest common divisor of 2 and i.
2
Let n be 3 + 4260/(0 + 1) + 1*4. What is the greatest common factor of 85 and n?
17
Let x(m) = 55*m - 150. Let a be x(6). Let l = -24 + 69. Calculate the greatest common factor of a and l.
45
Let d(s) = -343*s - 1235. Let t be d(-4). What is the greatest common factor of 13563 and t?
137
Let t = -3187 + 3253. What is the greatest common factor of 495 and t?
33
Let c be 5 - (5 + -3) - -36. Suppose 4*z - 7*z + c = 0. Let g = -2588 - -2731. What is the greatest common factor of g and z?
13
Suppose -1210 - 374 = -12*d. Let n = 200 - 112. What is the highest common factor of d and n?
44
Let t = -33 + 60. Suppose -6*q + t = -q + 3*b, 3 = -3*b. Suppose 0 = o - q*o + 35. What is the greatest common factor of o and 56?
7
Suppose 31*y = 4*y + 1080. Calculate the greatest common divisor of 544 and y.
8
Suppose 154 = -78*c + 22*c + 2170. Let a be 34/10 + 2/(-5). Suppose -y + 5 = 2*m, 2*m - a*y = 3*m + 5. What is the highest common factor of m and c?
4
Suppose -81 - 1427 = -66*i + 142. Calculate the highest common factor of i and 535.
5
Let d be (-1764)/(-144) + (-10)/8. Suppose 5*v + 3344 = 24*v. What is the greatest common divisor of d and v?
11
Suppose -55 = -3*y - a, -y - 3*y + 66 = 5*a. Suppose k = 0, 2*k - 292 = -2*v - k. Suppose -143*t - 57 = -v*t. What is the greatest common factor of t and y?
19
Suppose 2*o - 2*i = -30 + 8, -18 = 2*o + 2*i. Let v = o - 20. Let c = v - -45. Calculate the highest common divisor of c and 60.
15
Let z be (-7)/14*(-7 - -1). Let f be -2 + z - -11 - 0. Let g = 2002 - 1978. What is the greatest common factor of g and f?
12
Suppose 5*h + 3*w = 182, w = 6*h - 7*h + 36. Suppose -h = -o + 31. What is the highest common divisor of o and 51?
17
Let q = 158 - 101. Suppose -228 = 51*i - q*i. What is the highest common factor of 19 and i?
19
Let x(r) = -r - 14. Let i = 4 + -18. Let p be x(i). Suppose -4*m = 3*n + n - 64, p = 3*m + 2*n - 48. Calculate the highest common divisor of m and 144.
16
Let h be (((-110)/77)/(-5))/((-1)/(-14)). Suppose 4*b = 2*a + 36 - 0, h*a = -3*b + 27. Calculate the highest common factor of b and 99.
9
Let i(n) = -n**3 - 4*n**2 + 137*n - 38. Let o be i(-19). Calculate the highest common factor of o and 146.
146
Suppose -12*a = -24*a + 132. Suppose -10*f + 732 = -4*f. Suppose 3*s + 7*m - 367 = 3*m, f = s + m. Calculate the highest common factor of a and s.
11
Let v = -108 + 165. Let u(k) = -k**2 - 44*k - 139. Let w be u(-39). Let s be (53 - w) + 6/1. Calculate the greatest common factor of v and s.
3
Let g be 7 - -505 - (36 + -1)/(-7). What is the greatest common factor of g and 55?
11
Suppose r - 7*s + 12*s = 204, 4*r + 5*s = 876. What is the greatest common factor of 2338 and r?
14
Let t(g) = 17*g - 151. Let h be t(9). Suppose 10*p + q + 49 = 11*p, 4*p - h*q - 200 = 0. Calculate the highest common divisor of 9 and p.
3
Suppose -2*d = -w - 2*w - 16, w = -5*d + 6. Suppose 481 - 136 = v - 5*o, -d*o + 690 = 2*v. Calculate the greatest common factor of 45 and v.
15
Let x(q) = -q**2 - 13*q - 31. Let y be x(-11). Let c(j) = -j**2 - 8*j + 12. Let m be c(y). What is the greatest common divisor of 6 and m?
3
Suppose -13148 = -2*q - 4*n, -q + n = -4842 - 1726. Suppose 72*t + q = 77*t. Calculate the highest common factor of 73 and t.
73
Suppose -3*i + n + 35 = 0, 0 = -i + 2*i - 5*n - 35. Suppose -228 = -2*l - i*l. Calculate the greatest common factor of l and 304.
19
Suppose -21*j - 42*j + 5670 = 0. Suppose -r - 2*u + u = -8, -2*r = -u - 10. Calculate the highest common factor of r and j.
6
Let l(x) = 57*x**3 - 23*x**3 + 39 + 14*x - 33*x**3 + 17*x**2. Let n be l(-15). What is the greatest common divisor of 93 and n?
93
Let o be 2/6 + 543/(-9). Let a be (-30)/(-18)*-3 - o. Suppose -67 = -2*p - 2*r + r, -61 = -2*p + 5*r. What is the greatest common factor of a and p?
11
Let k = 25479 - 17946. Calculate the greatest common factor of 31 and k.
31
Let b = 13 + -3. Suppose -35*h + w - 2 = -33*h, 3*h = -4*w + 8. Suppose -5*d - 185 = -2*x, x - 5*d = -h*d + 95. Calculate the greatest common factor of b and x.
10
Suppose -4*b = -3*j + 10002, -8*j = -6*j + 4*b - 6648. What is the greatest common factor of j and 74?
74
Suppose 6*i + 3739 = 20*i + 1499. What is the greatest common divisor of i and 64?
32
Let i = -1393 + 1444. What is the highest common factor of 234 and i?
3
Let o(c) = 3*c**2 + 17*c - 18. Let j be o(-10). Suppose 4*k + 4*n - 86 = 3*n, -n = -5*k + j. Calculate the greatest common divisor of k and 176.
22
Let g be 572/65*(3/(-6) - -3). Let z be (3/3)/((-5)/(-55)). What is the highest common factor of z and g?
11
Suppose 0 = -o - 3, 2*c - 5*o = 3*c + 5. Suppose 1111 = c*l - 419. Let i = -29 + 46. Calculate the greatest common factor of i and l.
17
Suppose u + 8 - 12 = 0. Suppose -4*l = u*q - 36, -3*q + 15 = -2*l - 12. Let x be 832/12 - (-6)/q. Calculate the highest common factor of x and 14.
14
Suppose h = 1, -2*h = -2*p - 0*h + 454. Let q = p + -178. What is the highest common divisor of q and 15?
5
Let c = 1650 + 1062. What is the greatest common divisor of 36 and c?
12
Suppose -5*x - v = -709, 3*v = -2*v + 20. Let c be (-8)/32 - x/(-4). What is the greatest common factor of 105 and c?
35
Let h(i) = -24 + 29*i - 5 + 7 + 12*i**2 - 14*i - i**3. Let m be h(13). Let j be (-2916)/(-84) - m/(-14). What is the greatest common divisor of j and 175?
35
Suppose -3*w + 4*w = 2. Suppose -7*l + w*l = -95. Let j(c) = c**3 - 3*c**2 - 418*c + 19. Let i be j(22). What is the highest common divisor of l and i?
19
Suppose 5*z = 4*s - 147, 4*s - 5*s - 3*z + 24 = 0. Suppose -4*d + 66 = -30. Let c be (6/(-8))/((-6)/d). Calculate the greatest common factor of c and s.
3
Let c = 157172 + -156288. Suppose 212 = 4*n + s, -3*s + 37 = 4*n - 183. What is the greatest common divisor of c and n?
52
Let h = -720 - -725. Suppose -3*a + 1721 = 4*i, -4*a = -5*i + i + 1756. Let r be i/18 + h/(-45). Calculate the greatest common divisor of r and 40.
8
Suppose -3*w = w - 12. Suppose 19 = 3*f - 2*v, f + 2*f = w*v + 18. Suppose 17 = 4*p - f. What is the greatest common factor of p and 6?
6
Let q = -197810 - -197822. Let o be (-2)/7 + 128/7. Suppose 0 = -2*z, r + 5*z = 3*r - o. What is the highest common factor of r and q?
3
Let j = 62 - 5. Let p = 647 + -230. Suppose -j = 18*h - p. What is the highest common factor of 4 and h?
4
Let t be ((-30)/25)/(4/30). Let o(f) = -f**3 - 10*f**2 - 13*f + 3. Let u be o(t). Let k be (130/u)/((-1)/(-9)). What is the highest common divisor of 12 and k?
6
Let c be (-2)/(-3) + 69/(-9). Let r = 13 + c. Suppose -4*k + 63 = -j + 41, 2*j - 5*k = -23. Calculate the greatest common factor of j and r.
6
Suppose 4*p - 367 = -3*z, -16*p - 3*z = -14*p - 191. What is the highest common divisor of 22 and p?